+ 3*u. What is the remainder when f is divided by 20?
5
Let t be (-2)/(-12) + 442/156. Suppose -11*v + 6*v + 20 = 0, -3*z = t*v - 639. What is the remainder when z is divided by 75?
59
Suppose 44 = a - 39. Let s(r) be the third derivative of -r**6/120 - r**5/20 + r**4/4 + r**3/3 - 4*r**2 + 2*r. What is the remainder when a is divided by s(-5)?
17
Suppose -24*a + 14 = -10*a. What is the remainder when (30/40)/(a/188) is divided by 9?
6
Suppose -2080 = -4*x - b, -605 - 435 = -2*x - 5*b. Calculate the remainder when x is divided by 131.
127
Let o = 482 - 336. Suppose -o + 48 = -2*w. Calculate the remainder when w is divided by 25.
24
Let l(d) = -d**3 - 5*d**2 + 19*d + 5. Let k be l(4). Calculate the remainder when (-2)/9 + ((-294952)/k)/8 is divided by 49.
46
What is the remainder when (-351610)/(-273) + -13 + (-4)/(-78) is divided by 79?
11
Suppose -4*u = n + 1, -2*n = -6*n + 5*u + 80. Let z = -89 + 83. Calculate the remainder when 94/12 + -8 - 307/z is divided by n.
6
Let y be (-78)/(-65)*(-20)/(-6). Suppose -4*s + 176 = -q - 31, y*q = -3*s + 179. Calculate the remainder when s is divided by 11.
9
Let j(k) = -4*k + 236. Calculate the remainder when 464 is divided by j(46).
48
Let f be (421/(-2))/((-2)/4). Suppose -5*j - b = 2*b - f, -4*j = -4*b - 356. Calculate the remainder when j is divided by 3 + 30*((-36)/(-45) + 12/(-30)).
11
Let q(z) = z**3 + 2*z + 2. Suppose -5*n + 15 = 5*x, -3*x - 50 = -8*x + 2*n. What is the remainder when q(6) is divided by x?
6
Suppose -26*l + 2158 + 7853 = 21*l. What is the remainder when 7239 is divided by l?
210
Let i(n) = -3 + 5*n - 16*n + 13*n. Let w be i(6). Let s = w + -8. What is the remainder when 4 is divided by s?
0
Let s(r) = -r**2 + 46*r - 28. Let z be s(14). Suppose 7*o - z = -168. Calculate the remainder when o is divided by 7.
1
Suppose 144*k + 715 = 149*k. Calculate the remainder when k is divided by 61.
21
Suppose -436*f + 205432 + 56168 = 0. What is the remainder when f is divided by 14?
12
Let x = -883 + 900. Calculate the remainder when 178 is divided by x.
8
Calculate the remainder when 471 is divided by 5 - -5 - (3 + -3) - -177.
97
Let t be (-340)/(-80) - (1 - (-3)/(-4)). What is the remainder when (-104)/182*(-826)/t is divided by 10?
8
Calculate the remainder when 78 is divided by 128/128 - (-1 - 0 - 6).
6
Suppose 1527*m - 3*y = 1532*m - 75, -m + 4*y - 8 = 0. What is the remainder when 1583 is divided by m?
11
Let p be ((-68)/(-6))/(1294/(-258) + 5). Let a = 766 + p. What is the remainder when a is divided by 4?
3
Let a(n) = n**2 - 253*n - 2775. Calculate the remainder when a(-11) is divided by 10.
9
What is the remainder when 14 is divided by 3/(-5) - (11 - 1144/65)?
2
Let l(u) = 43*u - 118. Let w be l(3). Suppose w*v = -4*v + 1245. Calculate the remainder when v is divided by 14.
13
Let w(o) = -o**3 + 80*o**2 + 62*o + 1567. Calculate the remainder when 3581 is divided by w(81).
25
Calculate the remainder when (-540)/24*224/(-840) is divided by 2/2 - -1*4.
1
Let p = -3448 + 4128. What is the remainder when p is divided by 86?
78
What is the remainder when 269 is divided by 29 + -10 + -12 + 14*2?
24
What is the remainder when (-1172)/(-2)*5/((-80)/(-8)) is divided by 26?
7
Let o(z) = 3*z**2 - 265*z - 585. What is the remainder when o(110) is divided by 274?
263
Let r(q) = -3*q**2 + 99*q - 84. Let k(w) = -w**3 - 9*w**2 - 3*w - 2. Calculate the remainder when k(-11) is divided by r(32).
9
Suppose 45 = -15*i + 20*i. Suppose -396 = 3*p - i*p. What is the remainder when p is divided by 14?
10
Suppose -x + 545 - 220 = 0. Calculate the remainder when x is divided by 63.
10
Let t(b) = 22*b**2 - 43*b**2 + 2 + 24*b + 33*b**2. Calculate the remainder when t(-3) is divided by 10.
8
Let d(t) = t**3 + 6*t**2 - 144*t + 72. Calculate the remainder when d(-15) is divided by 52.
51
Let b(n) = -n**3 + 18*n**2 - 14*n - 10. Let h be b(17). Suppose h = 2*z + 5*v, 35 = z - 5*v + 22. Calculate the remainder when 34 is divided by z.
16
Calculate the remainder when (300/525*27/(-3))/((-6)/140) is divided by 4.
0
Suppose -1471 = -24*t - 151. What is the remainder when t is divided by 23?
9
Let b = 13129 + -13104. Calculate the remainder when 864 is divided by b.
14
Let w be 23*((-1)/(-2))/((-2)/4). Let n = 119 + w. Calculate the remainder when n is divided by 49.
47
Suppose -4*b + 220 = -4*k, -4*b = -6*b - 5*k + 131. Let h = -223 + 254. What is the remainder when b is divided by h?
27
Suppose -5*f = 48 - 303. Let x = -44 - -77. Suppose x*m - 36*m + 57 = 0. What is the remainder when f is divided by m?
13
Let d be 148/6*(-26 + -4)/(-10). Suppose -4*n = -2*i - d, 7*i - 12*i + 67 = 4*n. What is the remainder when 82 is divided by n?
10
Let q be (-344)/10*(2 + 3 + 0). Let p = -102 - q. Suppose -5*i + 12*i - p = 0. Calculate the remainder when 45 is divided by i.
5
Suppose -w + 3159 = -a, 22*a = -4*w + 19*a + 12608. Calculate the remainder when w is divided by 39.
35
Suppose -2*c - 3*c = 505. Let k = 12 - c. Let r(l) = l**3 + 6*l**2 + 3*l + 9. Calculate the remainder when k is divided by r(-4).
26
Suppose -23*u + 4824 = -17*u + 18*u. Calculate the remainder when 1399 is divided by u.
193
Let x(l) = 15*l**2 + 2*l - 1. Let u(a) = -2*a**2 + 7*a + 6. Suppose -2*y = -5*y - 4*d + 16, -d - 3 = -y. What is the remainder when x(1) is divided by u(y)?
0
Let d = 275 + -279. What is the remainder when 75 is divided by d - (-6)/(18/129)?
36
Calculate the remainder when 16334 is divided by ((-18)/33 - (-6608)/3080)*5.
6
Suppose 4*f + 79 = 3*x + 37, x - 3*f = 19. What is the remainder when 50 is divided by x?
0
Let b(v) = 2*v**2 - 10*v + 116. What is the remainder when b(4) is divided by 41?
26
What is the remainder when 336442/298 + (1 - 54) is divided by -22*((-42)/(-4))/(-3)?
75
Calculate the remainder when 3115 is divided by 4/76 + 720/38.
18
Let q be 12/(-21) + -46*4/(-28). What is the remainder when 85 is divided by 30/16*4*q?
40
Let o = 4 + 6. Let u = 49 + -39. Let f = u - 8. Calculate the remainder when o is divided by f.
0
Suppose g + 1946 = 8*g. Let i(y) = 41*y**2 - 7*y - 8. What is the remainder when g is divided by i(-1)?
38
Let y = -79 - -129. Suppose 83*g = 53*g + 47*g - 238. What is the remainder when y is divided by g?
8
Let k be ((-66)/(-4))/(1/(-2)). Calculate the remainder when (-8)/(-11)*267 + 6/k is divided by 18.
14
Let k = -11 - -42. Suppose -43*c - 175 = -46. Let g(b) = 13*b + 50. What is the remainder when k is divided by g(c)?
9
Let n(v) = -204*v - 7. Let y be n(-1). Let m = -126 + y. Calculate the remainder when m is divided by 31.
9
Suppose -5*o + 63 + 557 = 0. Let r = o - 84. Calculate the remainder when r is divided by 11.
7
Let d = -20 - -33. Let y = 182 + -189. Let i(p) = 7*p + 56. What is the remainder when d is divided by i(y)?
6
Suppose 9208 = 91*k + 105*k - 91536. Calculate the remainder when k is divided by 94.
44
Let k(i) = -4*i + 15*i - 6 + 114*i**2 + 1 + 4. Suppose 4*f = 148 - 20. Calculate the remainder when k(1) is divided by f.
28
Let p(i) = -4*i**2 - 277*i - 285. What is the remainder when 2253 is divided by p(-68)?
53
Let h(m) = -41*m - 319. Let j be h(-8). Suppose -11*q = j - 152. Calculate the remainder when -61*(1 + (-1 - 1)) is divided by q.
9
Let c(z) = z**3 - 2*z**2 + 15*z - 49. Let w be c(7). Let k = w - 267. What is the remainder when 165 is divided by k?
29
Suppose 0 = 9*u - 127 - 1943. Suppose 0 = -0*v - 2*v + u. Suppose 0 = 17*s - 12*s - v. Calculate the remainder when s is divided by 12.
11
What is the remainder when 2 + ((-246)/(-5))/((21/50)/7) is divided by 13?
3
Let j(c) be the first derivative of -c**4/4 - 19*c**3/3 - 3*c**2/2 + 2*c - 112. Calculate the remainder when j(-21) is divided by 73.
71
Let c(f) = -47*f**2 - 10 + 50*f + 44*f**2 + 2. Calculate the remainder when 116 is divided by c(16).
20
Suppose 136 - 8 = 2*o. Let w(d) = 6*d - 6. What is the remainder when o is divided by w(4)?
10
Let g = 22137 - 22068. Calculate the remainder when 1808 is divided by g.
14
Let c(m) = 20*m**3 + 3*m**2 + 10*m - 25. Calculate the remainder when c(2) is divided by 19.
15
Let s = -257 - -221. Let t = s - -62. Calculate the remainder when 205 is divided by t.
23
Let n(r) = -r**2 + 262*r - 1397. Calculate the remainder when n(98) is divided by 20.
15
Let v be (-1)/(-1*(-2)/(-1))*6. Supp